ens digit of q?
1
Let q(r) = -71*r - 71. What is the units digit of q(-37)?
6
Let u be 148 - 1 - (-8)/4. Suppose -2*a + u = -493. What is the tens digit of a?
2
What is the thousands digit of (-22897)/(-1) + 2 + ((-464)/(-16))/(-29)?
2
Let x be (-3*(-2)/(-4))/(19/76). What is the units digit of ((-21)/(x/2))/((-2)/(-92))?
2
Suppose -24*y + 64 = -32. Suppose y*k + 14*k - 8514 = 0. What is the units digit of k?
3
Suppose -1064 = 10*f - 5*f - 2*y, -2*f - 4*y = 416. What is the tens digit of (-3341)/(-4) - (-265)/f?
3
What is the thousands digit of (9/6 + (1 - 0))/((-19)/(-42218))?
5
Let f be (18 + -12)/((-3)/(-2)). What is the hundreds digit of (f + -1)*18146/129?
4
Suppose -9*j - 43*j + 27082 = -454542. What is the hundreds digit of j?
2
Let a(t) = -t**3 + 6*t**2 + 7*t. Let z be a(7). Suppose j - x + 30 = 5*j, z = 5*j - x - 33. What is the units digit of (-2)/(2/j)*-31?
7
Let l = 1978 - -1308. What is the thousands digit of l?
3
Suppose 5*i + b = -0*b + 24, 2*i + b - 12 = 0. Let j be (i/3)/((-8)/432). Let g = j - -103. What is the tens digit of g?
3
Let n(b) = b**2 - 2*b - 12. Let m be n(-5). Suppose 3 = -10*z + m. Suppose z*f - 286 = -3*t - 25, 4*f - 5*t - 489 = 0. What is the tens digit of f?
2
Let h(z) be the third derivative of -z**6/40 + z**5/30 - z**4/24 - 7*z**3/3 + 60*z**2. What is the units digit of h(-5)?
6
Let w be (-5)/(-10)*1*110. Suppose 6802 = -36*x + w*x. What is the hundreds digit of x?
3
What is the hundreds digit of (-2628)/(-12)*73/3 + 6?
3
Let g be ((-248)/(-93))/((-1)/3). What is the units digit of (-28)/((-1)/g*-2)?
2
Let l(f) = -f**3 - f**2 - 2*f - 2. Let z be l(-1). Suppose -9*w + 127 + 458 = z. What is the units digit of (-1998)/(-26) + ((-30)/w)/(-3)?
7
Let k(v) = -30*v - 24 + 9 + 19*v. Let q = -31 + 22. What is the units digit of k(q)?
4
Let m = -14383 - -26100. What is the units digit of m?
7
What is the hundreds digit of (0 + (-6)/(-27) + (-794948)/(-18))/2?
0
What is the tens digit of ((-48)/56)/(-4 + (-108606)/(-27153))?
7
Let z = 47 - 44. Let x be (-5 - 266)*(z + -4). Suppose 3*q = 260 + x. What is the tens digit of q?
7
What is the thousands digit of (793060/6)/10 - (-9)/27?
3
Let f = 1373 - 977. Suppose 384 + f = 13*g. Let w = g + -25. What is the units digit of w?
5
Let k be (-115)/(-3) + 4 + 1/(-3). Suppose -57 = k*o - 45*o. Suppose -o*l + 13*l + 192 = 0. What is the tens digit of l?
3
Let p(w) = -3*w + 94. Let u be p(-20). Let h = u - 96. What is the units digit of h?
8
Let m = -275 + 274. Let r(v) = 233*v**2 + 4*v + 1. What is the hundreds digit of r(m)?
2
Suppose 3*c = 4*u - 110, 0 = -5*u + 4*c - 5*c + 128. Let d(f) = f**3 - 3*f**2 + f - 54. Let k be d(6). Let q = k - u. What is the tens digit of q?
3
Let b be 12 - (-12)/((-6)/3). Suppose -5*h = 6 + 4, 2*g - 5*h = 20. Suppose g*m - b*m = -67. What is the units digit of m?
7
Suppose 28*h - 89053 - 92163 = 0. Suppose 246*j = 238*j + h. What is the hundreds digit of j?
8
Let k be (1 - 4)*-5*(3 - 2). Let t be (-4)/(-6) + ((-18040)/k)/(-2). Suppose 5*a - 754 = -3*q, 4*a = -0*a - 3*q + t. What is the units digit of a?
2
Let p(g) = -g**3 - 7*g**2 + 13*g - 10. Suppose 4*h = 5*q - 50, -3*q - 54 = 5*h - 5*q. Let y be p(h). Let w = 379 - y. What is the units digit of w?
9
Let w(f) = 11*f**2 - 618*f - 1. What is the tens digit of w(64)?
0
What is the units digit of 660/(-7)*-6*924/144?
0
Let t(f) = -f**3 + 7*f**2 + f + 17. Let c be t(7). Suppose -21 = 23*d - c*d. Let a = d - -5. What is the units digit of a?
6
What is the tens digit of 659094/22 - (-766)/4213?
5
Let m(j) = 2*j**2 - 10*j + 17. Let h be m(2). What is the hundreds digit of (30/(-24))/h + 1575/12?
1
Suppose -i = -3*z + 121598, 20*z - 10*i + 121642 = 23*z. What is the tens digit of z?
3
Let u(j) = 2*j**3 - 19*j**2 - 47*j + 60. What is the tens digit of u(18)?
2
Let a be 10/(-10) - 9*1. Let i = 61 - 60. What is the units digit of ((-5)/a)/(i/(13 + -1))?
6
Let k = -575 - -336. Suppose 11*l - 8*l + 280 = -2*h, 3*h + 468 = -5*l. Let d = l - k. What is the tens digit of d?
4
Suppose 5*c = -16*x + 18*x + 4674, -4*x = 5*c - 4692. Suppose c + 1374 = 10*h. What is the units digit of h?
1
Suppose 5*u - 8*y - 102385 = -0*y, -5*u = 5*y - 102320. What is the thousands digit of u?
0
Let b be 2*-2*(-1443)/(-52). What is the tens digit of ((-35)/(-15)*2)/((-2)/b)?
5
Suppose o = -2*r + 15, -o = -r - 3*r + 27. Let y(m) = 2*m**3 - 5*m**2 + 6*m + 9. What is the tens digit of y(r)?
9
Let g(m) = 4*m**2 - 12*m + 14. Let h be g(3). Suppose -o - 6565 = -h*o. What is the units digit of o?
5
What is the tens digit of ((-9)/6)/(((-585)/146190)/39)?
1
Let l(i) = -92*i + 17. Let k be l(5). Let v = 632 + k. What is the units digit of v?
9
What is the units digit of (-47121)/(-6) + (315/10)/21?
5
Suppose 478*a - 39797 = 477*a + 3*r, -2*r = a - 39807. What is the ten thousands digit of a?
3
Let j(r) = 4*r**2 + 3*r - 4. Let m be j(1). Suppose -2*n - g = n + 3, -2*g = m*n + 6. What is the tens digit of (n - -390)/(3/2)?
6
Let s be ((-374)/33 + 12)*4*3. Suppose 9*x - 7990 = -s*x. What is the units digit of x?
0
Suppose -67935 = -10*g - 344 - 3691. What is the units digit of g?
0
Let z(k) = k**2 - 5*k + 3. Let j be z(13). Let d = -4 + j. What is the units digit of d?
3
Let p(r) = 5*r. Let q be p(0). Let a(i) = 2*i**2 + 11*i - 9*i**2 + q*i + 6*i**2 - 1. What is the tens digit of a(6)?
2
Suppose 2*a + 88*d = 86*d + 17284, 6*a + d - 51852 = 0. What is the tens digit of a?
4
Let s(v) = 5*v**2 + v - 235. Let j be s(21). Let g = j + -1334. What is the hundreds digit of g?
6
Let n be ((-25)/(-15))/(2/6). Let w be 5/(n/354) - 8/2. Suppose -v = v - w. What is the hundreds digit of v?
1
Let y(x) = 135*x**2 - 3*x - 1. Let w be y(-1). Suppose 2177 - w = 3*k. What is the units digit of k?
0
Suppose 48 + 10 = 2*a + 4*h, -3*a + h = -94. Suppose 0*u - 4*d = -u + a, 3*d + 98 = 4*u. What is the units digit of u?
3
Let l(n) = 4*n - 9. Let m(z) = -z + 18. Let u be m(12). Let i be l(u). Suppose 3*y = -i, r + 0*r = 5*y + 53. What is the tens digit of r?
2
Let y(n) be the third derivative of n**6/120 + 19*n**5/60 - 7*n**4/24 + n**3/2 + 145*n**2. What is the hundreds digit of y(-17)?
7
Let p(i) = -i**3 + 20*i**2 + 19*i - 35. Let j(t) = 2*t**2 + 10*t + 8. Let a be j(-6). What is the tens digit of p(a)?
4
Suppose -11*f + 30*f + 2*f = 455007. What is the units digit of f?
7
Suppose 0 = 3*b + 5*f - 253946, -f - 140 + 169435 = 2*b. What is the thousands digit of b?
4
Suppose -5*h = -3*h + 4. Let z be -12 + h/(6/9). What is the tens digit of 386/8 - (-1 + z/(-12))?
4
Let n(h) = 115*h**3 - h**2 - 2*h + 2. Suppose 3*s - s = 3*y - 5, -4*y + 8 = -4*s. What is the tens digit of n(y)?
1
Suppose -26*q = -28*q + 24. Suppose 4*v + z - 900 = 2*z, q = -3*z. Let h = v - 155. What is the units digit of h?
9
What is the tens digit of 3584/(-42)*135*-2?
4
Suppose 2*q + 5672 = 6*q - 5*s, -2*s + 8 = 0. What is the thousands digit of q?
1
Suppose 0*f = -2*g - 5*f - 6, 0 = g - f - 11. Suppose 3*r + 2784 = g*r. What is the tens digit of r?
9
Suppose u = -0*z + 3*z + 216, 0 = 4*u + 2*z - 906. Suppose 2*d - 4*d = 0, 0 = 3*i - 2*d - u. What is the tens digit of i?
7
Let k(h) = -188*h - 1154. What is the tens digit of k(-131)?
7
Suppose -4*z + 45 = -z. Let v = -9 + z. What is the tens digit of (-2 + -1)*(-166)/v?
8
Suppose 1589210 + 673881 = 113*t - 909384. What is the hundreds digit of t?
0
What is the tens digit of 52/(8/(-12256)*-16)*1?
7
Let r = 33213 + 6672. What is the units digit of r?
5
Let f = 24992 - -88. What is the units digit of f?
0
Let n(h) = 19*h**2 + 4*h + 22. Let b be n(8). Suppose 16*a - b = 11*a. What is the tens digit of a?
5
Let u = 312 - 312. Suppose u = -4*s + 2*x + 3690, 4635 = 5*s + 4*x + x. What is the units digit of s?
4
Suppose c = -3, -3*n = -2*c - 3565 - 48014. Suppose 39*m + n - 53032 = 0. What is the units digit of m?
9
Suppose 20995 = 10*l + 3*l. Suppose l = 3*b + 4*r - 1433, -3*b = r - 3048. What is the units digit of b?
6
Let s(g) = -6*g - 3*g**2 - 9*g**3 + 30 + 31 - 59. What is the hundreds digit of s(-4)?
5
Let s(o) = 84*o - 1176. Let b(a) = 15*a - 196. Let h(p) = 35*b(p) - 6*s(p). What is the tens digit of h(31)?
4
Suppose -11*o = 28*o - 2131 - 26144. What is the hundreds digit of o?
7
Let o(n) = 23*n**2 - 13*n - 11. Let a be o(6). What is the units di